{"id":279,"date":"2026-04-28T07:28:20","date_gmt":"2026-04-28T07:28:20","guid":{"rendered":"https:\/\/insektprotekt.de\/?page_id=279"},"modified":"2026-04-29T06:42:36","modified_gmt":"2026-04-29T06:42:36","slug":"plissee-fuer-tueren-micro-13","status":"publish","type":"page","link":"https:\/\/insektprotekt.de\/?page_id=279","title":{"rendered":"Plissee f\u00fcr T\u00fcren \u2013 Micro 13 \u2013"},"content":{"rendered":"\n<p>Einabautiefe 13 mm &#8211; Fadengef\u00fchrt &#8211; fast ger\u00e4uschlos &#8211; formsch\u00f6n<\/p>\n\n\n\n<p>Sie haben keinen Platz f\u00fcr die Montage eines Insektenschutzes? Wir haben die Micro 13. Das schmalste Insektenschutzplissee aller Zeiten! Endlich ein Insektenschutzplissee f\u00fcr T\u00fcren, die zu 95 % zwischen Rolllade und Blendrahmen passt. Mit Micro 13 k\u00f6nnen Sie sowohl gro\u00dfe Durchg\u00e4nge wie Schiebeanlagen und Winterg\u00e4rten, als auch kleine Balkont\u00fcren vor nervigen Plagegeistern sch\u00fctzen. Lassen Sie die Insekten vor der T\u00fcre und montieren das Micro 13 Insektenschutzgitter aus hochwertigem Plisseegewebe dort wo herk\u00f6mmlicher Insektenschutz keinen Platz findet. Eine mit Micro13 Plissee gefertigte Insektenschutzt\u00fcre zeichnet sich nicht nur durch die Einbautiefe aus, sondern \u00fcberzeugt auch durch die laufruhige Funktionsweise. Der Micro 13 Insektenschutz ist in vielen Farben und Abmessungen lieferbar. Die vielf\u00e4ltigen Einbaum\u00f6glichkeiten und das gehobene Design heben Ihren Insektenschutz in eine neue \u00c4ra. Haben Sie Fragen rund um Insektenschutzt\u00fcren und Ihren M\u00f6glichkeiten?<\/p>\n\n\n\n<figure class=\"wp-block-image size-large\"><img loading=\"lazy\" decoding=\"async\" width=\"1024\" height=\"756\" src=\"https:\/\/insektprotekt.de\/wp-content\/uploads\/2026\/04\/Bildschirmfoto-2026-04-28-um-08.42.24-2-1024x756.png\" alt=\"\" class=\"wp-image-280\" srcset=\"https:\/\/insektprotekt.de\/wp-content\/uploads\/2026\/04\/Bildschirmfoto-2026-04-28-um-08.42.24-2-1024x756.png 1024w, https:\/\/insektprotekt.de\/wp-content\/uploads\/2026\/04\/Bildschirmfoto-2026-04-28-um-08.42.24-2-300x221.png 300w, https:\/\/insektprotekt.de\/wp-content\/uploads\/2026\/04\/Bildschirmfoto-2026-04-28-um-08.42.24-2-768x567.png 768w, https:\/\/insektprotekt.de\/wp-content\/uploads\/2026\/04\/Bildschirmfoto-2026-04-28-um-08.42.24-2-1536x1134.png 1536w, https:\/\/insektprotekt.de\/wp-content\/uploads\/2026\/04\/Bildschirmfoto-2026-04-28-um-08.42.24-2.png 1986w\" sizes=\"auto, (max-width: 1024px) 100vw, 1024px\" \/><\/figure>\n","protected":false},"excerpt":{"rendered":"<p>Einabautiefe 13 mm &#8211; Fadengef\u00fchrt &#8211; fast ger\u00e4uschlos &#8211; formsch\u00f6n Sie haben keinen Platz f\u00fcr die Montage eines Insektenschutzes? Wir haben die Micro 13. Das schmalste Insektenschutzplissee aller Zeiten! Endlich ein Insektenschutzplissee f\u00fcr T\u00fcren, die zu 95 % zwischen Rolllade &hellip; <a href=\"https:\/\/insektprotekt.de\/?page_id=279\">Weiterlesen <span class=\"meta-nav\">&rarr;<\/span><\/a><\/p>\n","protected":false},"author":2,"featured_media":0,"parent":44,"menu_order":0,"comment_status":"closed","ping_status":"closed","template":"","meta":{"footnotes":""},"class_list":["post-279","page","type-page","status-publish","hentry"],"_links":{"self":[{"href":"https:\/\/insektprotekt.de\/index.php?rest_route=\/wp\/v2\/pages\/279","targetHints":{"allow":["GET"]}}],"collection":[{"href":"https:\/\/insektprotekt.de\/index.php?rest_route=\/wp\/v2\/pages"}],"about":[{"href":"https:\/\/insektprotekt.de\/index.php?rest_route=\/wp\/v2\/types\/page"}],"author":[{"embeddable":true,"href":"https:\/\/insektprotekt.de\/index.php?rest_route=\/wp\/v2\/users\/2"}],"replies":[{"embeddable":true,"href":"https:\/\/insektprotekt.de\/index.php?rest_route=%2Fwp%2Fv2%2Fcomments&post=279"}],"version-history":[{"count":3,"href":"https:\/\/insektprotekt.de\/index.php?rest_route=\/wp\/v2\/pages\/279\/revisions"}],"predecessor-version":[{"id":306,"href":"https:\/\/insektprotekt.de\/index.php?rest_route=\/wp\/v2\/pages\/279\/revisions\/306"}],"up":[{"embeddable":true,"href":"https:\/\/insektprotekt.de\/index.php?rest_route=\/wp\/v2\/pages\/44"}],"wp:attachment":[{"href":"https:\/\/insektprotekt.de\/index.php?rest_route=%2Fwp%2Fv2%2Fmedia&parent=279"}],"curies":[{"name":"wp","href":"https:\/\/api.w.org\/{rel}","templated":true}]}}

Plissee für Türen – Micro 13 –

<p>Einabautiefe 13 mm &#8211; Fadengeführt &#8211; fast geräuschlos &#8211; formschön</p>



<p>Sie haben keinen Platz für die Montage eines Insektenschutzes? Wir haben die Micro 13. Das schmalste Insektenschutzplissee aller Zeiten! Endlich ein Insektenschutzplissee für Türen, die zu 95 % zwischen Rolllade und Blendrahmen passt. Mit Micro 13 können Sie sowohl große Durchgänge wie Schiebeanlagen und Wintergärten, als auch kleine Balkontüren vor nervigen Plagegeistern schützen. Lassen Sie die Insekten vor der Türe und montieren das Micro 13 Insektenschutzgitter aus hochwertigem Plisseegewebe dort wo herkömmlicher Insektenschutz keinen Platz findet. Eine mit Micro13 Plissee gefertigte Insektenschutztüre zeichnet sich nicht nur durch die Einbautiefe aus, sondern überzeugt auch durch die laufruhige Funktionsweise. Der Micro 13 Insektenschutz ist in vielen Farben und Abmessungen lieferbar. Die vielfältigen Einbaumöglichkeiten und das gehobene Design heben Ihren Insektenschutz in eine neue Ära. Haben Sie Fragen rund um Insektenschutztüren und Ihren Möglichkeiten?</p>



<figure class="wp-block-image size-large"><img loading="lazy" decoding="async" width="1024" height="756" src="https://insektprotekt.de/wp-content/uploads/2026/04/Bildschirmfoto-2026-04-28-um-08.42.24-2-1024x756.png" alt="" class="wp-image-280" srcset="https://insektprotekt.de/wp-content/uploads/2026/04/Bildschirmfoto-2026-04-28-um-08.42.24-2-1024x756.png 1024w, https://insektprotekt.de/wp-content/uploads/2026/04/Bildschirmfoto-2026-04-28-um-08.42.24-2-300x221.png 300w, https://insektprotekt.de/wp-content/uploads/2026/04/Bildschirmfoto-2026-04-28-um-08.42.24-2-768x567.png 768w, https://insektprotekt.de/wp-content/uploads/2026/04/Bildschirmfoto-2026-04-28-um-08.42.24-2-1536x1134.png 1536w, https://insektprotekt.de/wp-content/uploads/2026/04/Bildschirmfoto-2026-04-28-um-08.42.24-2.png 1986w" sizes="auto, (max-width: 1024px) 100vw, 1024px" /></figure>

<p>Einabautiefe 13 mm &#8211; Fadengeführt &#8211; fast geräuschlos &#8211; formschön Sie haben keinen Platz für die Montage eines Insektenschutzes? Wir haben die Micro 13. Das schmalste Insektenschutzplissee aller Zeiten! Endlich ein Insektenschutzplissee für Türen, die zu 95 % zwischen Rolllade &hellip; <a href="https://insektprotekt.de/?page_id=279">Weiterlesen <span class="meta-nav">&rarr;</span></a></p>
